c) = 5*m(c) - 6*u(c). List the prime factors of j(-5).
11
Let b = -3 + 3. Suppose -k - 3*k + 5*a = -15, -2*k - 4*a + 14 = b. Let q(d) = 2*d - 2. List the prime factors of q(k).
2
Suppose 4*r = 2*r. Let z = 2 + r. Suppose z*a + 2 = 18. List the prime factors of a.
2
Suppose 15 = 5*j - 160. List the prime factors of j.
5, 7
Let f(w) = -w**3 - 3*w**2 - 4. Let p be f(-3). List the prime factors of (-1 + 7)*(-10)/p.
3, 5
Let k(s) = 20*s**2 - s + 1. Let p be k(1). Suppose 0 = 2*d + 5*i - 15, 2*d + 4*i - p = -0*i. What are the prime factors of d?
2, 5
Let o be (4 - 0)*3/2. Suppose o + 2 = 4*c. Suppose -c*m + 13 = -m. List the prime factors of m.
13
Suppose 2*c + 271 = 4*p - p, 4*c + 4*p + 512 = 0. Let f = -91 - c. What are the prime factors of f?
2, 5
Let k be (-2)/8 + 10/8. What are the prime factors of (-36)/(-5) + k/(-5)?
7
Let w = 556 + -293. List the prime factors of w.
263
Let i(w) = -w**2 - 21*w + 22. What are the prime factors of i(-13)?
2, 3, 7
Suppose 3*p = 9, -w + 16 = 4*p - 1. Let v be 12/(-5) + 2/w. Let h = v - -6. What are the prime factors of h?
2
Let p be ((-2)/(-2) - 3)*6. Let s = p + 21. What are the prime factors of s?
3
Suppose 0 = 2*w + w - 12. Let z = 6 - w. List the prime factors of (4/1)/(1/z).
2
Let o be (-2)/4 + 76/8. Let s be ((-6)/o)/((-2)/69). Let a = 35 - s. List the prime factors of a.
2, 3
Let w(o) = o**2 + 2*o - 1. Let h be w(-4). Suppose -15 = -h*f + 2*f. Suppose 0*g = f*g - 33. List the prime factors of g.
11
Suppose -z - 5*g = 4*z - 25, 2*z - 9 = -3*g. Let f(u) = -4 + 3*u**2 + 8*u + 2*u**2 - u**3 + 0*u**3. What are the prime factors of f(z)?
2
Let g(h) = -17*h + 5. List the prime factors of g(-9).
2, 79
What are the prime factors of (-358)/6*(-12)/(-8)*-2?
179
Suppose -4*o = -4 - 12. Let x = 4 + 4. Let c = x - o. List the prime factors of c.
2
Let a be 44/24 + (-1)/(-6). Suppose a*g - 3*y + 16 = -0*g, -2*y + 2 = 3*g. List the prime factors of (3/4)/(g/(-16)).
2, 3
Let i(v) = -3*v**2 - 4*v - 3. Let g be (4/6)/((-2)/6). Let m be i(g). Let k = 1 - m. What are the prime factors of k?
2
Suppose 4*c = -s + 8*c - 17, -31 = -2*s - 5*c. Let j = s - 5. What are the prime factors of (j + -2)*2/(-2)?
2
Let m = -46 - -95. Let g = -10 + m. What are the prime factors of g?
3, 13
Suppose 15 = 3*x - 3. Suppose x = 3*f - 0*f. Suppose f*d - 5*j - 26 = 0, -d - 5*j - 17 = -0. List the prime factors of d.
3
Suppose 0 = 3*d - 5*d + 24. Suppose 2*o - 40 + d = 0. What are the prime factors of o?
2, 7
Let r = -65 - -258. What are the prime factors of r?
193
Let q(j) = -j**3 + 7*j**2 + 7*j + 11. Let x be q(8). Suppose -p + 5*y + 6 = -0, 0 = x*p - 5*y - 8. Suppose -p = 5*a - 41. What are the prime factors of a?
2
Let a = -15 - -33. List the prime factors of (-1 - (3 - 1)) + a.
3, 5
Suppose h = -0*h - 1. Let o be -2 - (3 + -19 + 3). Let d = o + h. What are the prime factors of d?
2, 5
Let m = 4 + 1. Suppose -4*o + 4 = -4, -3*o + 21 = m*r. Suppose r*v - 40 = -v. List the prime factors of v.
2, 5
Suppose 0 = -5*g - 5*c + 27 + 8, 2*g = 4*c + 14. List the prime factors of g.
7
Let s be 10/(-35) - 4/(-14). Let o(u) = -u**2 - u + 3. What are the prime factors of o(s)?
3
Let a = -4 - 4. Let b = 23 - a. List the prime factors of b.
31
Suppose 45 = -k + 2*k. What are the prime factors of k?
3, 5
Let c(i) = -i**2 - 6*i. Let n be c(-6). Suppose n = 3*b - 3*p + p + 4, -5*b - 4 = -2*p. What are the prime factors of (-1 - b)/((-1)/2)?
2
Suppose 0 = -4*l - 3 + 11. List the prime factors of 2/(-4) + 45/l.
2, 11
Suppose 1308 = 4*u + 4*k, -5*u + 5*k + 1564 + 51 = 0. What are the prime factors of u?
5, 13
Let r = -96 + 139. Suppose 5*t - 17 = r. What are the prime factors of t?
2, 3
Let p = 43 + -8. What are the prime factors of p?
5, 7
Suppose -6*k + 2*k - 2*s + 838 = 0, k - 214 = 4*s. What are the prime factors of k?
2, 3, 5, 7
List the prime factors of 9/(-15) - (818/(-5) - -4).
3, 53
List the prime factors of (2 - -26)*(1 + (-100)/(-16)).
7, 29
Let f = 106 + -60. What are the prime factors of f?
2, 23
Suppose -5 = -3*c - 2. Let d(q) = 14*q + 1. List the prime factors of d(c).
3, 5
Let r(p) = p**2 + 2*p - 3. Let w be r(-4). Suppose w + 38 = z. List the prime factors of z.
43
Let k = 26 - 6. Let p = -8 + k. What are the prime factors of p?
2, 3
Suppose 3*h = -2*a - 2*a + 76, 3*h + a = 82. What are the prime factors of h?
2, 7
Suppose -3*i + 6*i = 147. List the prime factors of i.
7
Let a(f) = 17*f**2 - 4*f + 4. What are the prime factors of a(2)?
2
Let j be 200/(-24) + 2/6. List the prime factors of ((-108)/j)/(-3)*-2.
3
Suppose -p - 30 = -84. What are the prime factors of p?
2, 3
Let b(g) = 3*g + 5. Let a be b(-4). What are the prime factors of (399/(-6))/a*2?
19
Suppose 48 = 4*q - 2*h - 36, 2*h = 0. Let v = q - 7. List the prime factors of v.
2, 7
Suppose 5*r = r. Suppose 30 = -r*u + 2*u. List the prime factors of u.
3, 5
Let w = 6 - 10. Let o(g) = -4*g. List the prime factors of o(w).
2
Suppose 20 = 5*k, -3*w = 4*k - k + 36. Suppose -2*a + 12 = -38. List the prime factors of (w/(-10))/(5/a).
2
Let o = 6 - 4. Suppose -o*w + 9 = -1, 5*w - 55 = -5*m. List the prime factors of m.
2, 3
What are the prime factors of (-2 - 5/4)*(-125 + 1)?
13, 31
Suppose 99 = 6*m - 3*m. Let q = m + -20. What are the prime factors of q?
13
Let l(o) be the third derivative of o**4/12 + 43*o**3/6 - 9*o**2. What are the prime factors of l(0)?
43
Let d = -56 - -26. List the prime factors of 9/15 - 312/d.
11
Let o(h) be the first derivative of h**3/3 - 2*h**2 - 4*h - 2. Let s = -15 + 21. List the prime factors of o(s).
2
Suppose -2*v + 46 = -10. Let i be 8/v + 120/21. What are the prime factors of i + -3*3/(-9)?
7
Let m be (0 + 6)*(8 + -1). Suppose -y - y + m = 0. List the prime factors of y.
3, 7
Let a(j) = -j - 3. Let o be a(-5). Suppose 4*n - 192 = 2*s, o*n - 104 = 2*s + s. What are the prime factors of n?
2, 23
Let b(q) be the second derivative of 0 + 7/2*q**2 + 1/12*q**4 - 7/6*q**3 + 5*q. List the prime factors of b(8).
3, 5
Suppose 0 = 3*x - 115 + 22. List the prime factors of x.
31
Let i = -65 + 117. List the prime factors of i.
2, 13
Let r(q) = q**2 + 4*q - 3. Let m(g) = g - 10. Let b be m(6). Let y be r(b). List the prime factors of (-4)/y*3 - -1.
5
Let u(q) = -15*q**3 + 13*q**2 + 16. Let y(x) = 7*x**3 - 6*x**2 - 8. Let o(c) = -6*u(c) - 13*y(c). List the prime factors of o(0).
2
Let x(p) = -17*p + 1. Let h be x(1). Let d = -17 + 11. Let f = d - h. What are the prime factors of f?
2, 5
Suppose -p = -39 - 14. List the prime factors of p.
53
Suppose -3 - 7 = -5*g. Suppose 0 = -4*b + 5*y + 131, -b - g*y + 49 = -0*b. What are the prime factors of b?
3, 13
Let v(i) = i**3 - 2*i**2 - 3*i + 2. Let n be v(-2). What are the prime factors of 2/1 + (24 - n)?
2, 17
Let d(q) = -q**2 + 5*q - 3. Let l be d(3). Let s(r) = r**2 - 4*r + 1. Let a be s(l). Let x = a - -10. What are the prime factors of x?
2
Let b(y) = 5*y**2 + 3*y - 3. What are the prime factors of b(2)?
23
Let i(a) = -a**3 - 4*a**2 - 6*a - 1. Let b = -4 + -2. Let m be i(b). Suppose 5*j + 4*y - m = 0, 4 = 2*y - 2. What are the prime factors of j?
19
Suppose 4*i - 10 = -i. Suppose i*n = -n. Suppose n*o - 17 = -o. List the prime factors of o.
17
Suppose 0*y = -2*y + 4*v + 234, -v + 607 = 5*y. List the prime factors of y.
11
Let r = 31 - 29. Let u(k) = 5*k - 1. Let s be u(1). Suppose -s*x + 10 + r = 0. What are the prime factors of x?
3
Let f be (-44)/10 + (-40)/(-100). Let o(n) be the second derivative of -5*n**3/6 + n**2/2 - n. What are the prime factors of o(f)?
3, 7
Suppose -26*h + 2414 = -9*h. What are the prime factors of h?
2, 71
Let r(m) = -m + 4. Let j = 1 + -1. List the prime factors of r(j).
2
Suppose 0 = 4*r + r + 3*y - 5, 4*r = -5*y - 9. Let x be (-5)/(-10) + (-74)/r. Let v = -11 - x. What are the prime factors of v?
7
Let m be ((-6)/4)/(1/(-2)). Suppose -3*g = m*n - 72 - 3, -g - 79 = -3*n. Suppose 3*w + p - 11 - 3 = 0, -5*p - n = -w. What are the prime factors of w?
2, 3
Let w(z) = -z**3 - 4*z**2 + 4*z + 3. Let y be w(-6). Let t = -28 + y. List the prime factors of t.
23
Suppose 9 - 1 = 4*x. Suppose s + x*s = 66. What are the prime factors of s?
2, 11
Let n = 91 - 58. Suppose -2*a + n = -17. Let h = 41 - a. List the prime factors of h.
2
Let i(n) = -n**3 - 3*n**2 - 2*n - 4. Let a = 9 - 3. Let y = -9 + a. What are th